n 59623 is divided by 140.
123
Calculate the remainder when 9006 is divided by 117.
114
Calculate the remainder when 810 is divided by 619.
191
What is the remainder when 5130 is divided by 1697?
39
Calculate the remainder when 411912 is divided by 3.
0
What is the remainder when 22215 is divided by 1483?
1453
Calculate the remainder when 102338 is divided by 9.
8
What is the remainder when 52108 is divided by 22?
12
What is the remainder when 778810 is divided by 431?
424
What is the remainder when 7835 is divided by 1309?
1290
What is the remainder when 397 is divided by 191?
15
Calculate the remainder when 12693 is divided by 1060.
1033
Calculate the remainder when 19089 is divided by 261.
36
Calculate the remainder when 1065 is divided by 903.
162
Calculate the remainder when 5659 is divided by 31.
17
Calculate the remainder when 10312 is divided by 883.
599
What is the remainder when 102 is divided by 27?
21
What is the remainder when 7926 is divided by 130?
126
What is the remainder when 1657 is divided by 5?
2
Calculate the remainder when 9284 is divided by 1324.
16
What is the remainder when 21879 is divided by 644?
627
Calculate the remainder when 5741 is divided by 1276.
637
Calculate the remainder when 10421 is divided by 1420.
481
What is the remainder when 841 is divided by 40?
1
What is the remainder when 33206 is divided by 56?
54
What is the remainder when 63598 is divided by 159?
157
What is the remainder when 507323 is divided by 16?
11
Calculate the remainder when 293321 is divided by 15437.
18
What is the remainder when 40027 is divided by 3?
1
What is the remainder when 55130 is divided by 9183?
32
Calculate the remainder when 224841 is divided by 32.
9
What is the remainder when 41920 is divided by 1823?
1814
Calculate the remainder when 85958 is divided by 56.
54
What is the remainder when 39582 is divided by 1273?
119
Calculate the remainder when 2000 is divided by 54.
2
What is the remainder when 32649 is divided by 188?
125
What is the remainder when 11795 is divided by 72?
59
What is the remainder when 38314 is divided by 272?
234
Calculate the remainder when 36180 is divided by 15.
0
Calculate the remainder when 1124 is divided by 3.
2
What is the remainder when 494602 is divided by 206?
202
Calculate the remainder when 296915 is divided by 29691.
5
Calculate the remainder when 86194 is divided by 11.
9
Calculate the remainder when 19941 is divided by 113.
53
What is the remainder when 623 is divided by 33?
29
Calculate the remainder when 57196 is divided by 14296.
12
What is the remainder when 4683 is divided by 4441?
242
Calculate the remainder when 91670 is divided by 206.
0
Calculate the remainder when 16197 is divided by 243.
159
What is the remainder when 4588 is divided by 655?
3
Calculate the remainder when 30764 is divided by 90.
74
What is the remainder when 4727 is divided by 480?
407
Calculate the remainder when 773814 is divided by 180.
174
Calculate the remainder when 303335 is divided by 963.
953
What is the remainder when 94116 is divided by 173?
4
What is the remainder when 74992 is divided by 58?
56
Calculate the remainder when 87879 is divided by 21.
15
What is the remainder when 119290 is divided by 755?
0
What is the remainder when 3499 is divided by 1162?
13
What is the remainder when 302287 is divided by 215?
212
Calculate the remainder when 441734 is divided by 69.
65
What is the remainder when 53163 is divided by 26?
19
What is the remainder when 9434 is divided by 66?
62
What is the remainder when 294722 is divided by 58925?
97
What is the remainder when 816715 is divided by 123?
118
Calculate the remainder when 315431 is divided by 104.
103
Calculate the remainder when 24680 is divided by 4036.
464
Calculate the remainder when 16421 is divided by 6.
5
What is the remainder when 3065 is divided by 51?
5
Calculate the remainder when 15822 is divided by 86.
84
Calculate the remainder when 5126 is divided by 1172.
438
Calculate the remainder when 3288 is divided by 172.
20
What is the remainder when 356395 is divided by 540?
535
What is the remainder when 2249189 is divided by 9?
8
What is the remainder when 4689 is divided by 674?
645
What is the remainder when 41629 is divided by 7?
0
What is the remainder when 797 is divided by 712?
85
What is the remainder when 32017 is divided by 79?
22
What is the remainder when 166730 is divided by 20?
10
What is the remainder when 45594 is divided by 22620?
354
What is the remainder when 7304 is divided by 26?
24
What is the remainder when 4592 is divided by 195?
107
What is the remainder when 87247 is divided by 21795?
67
What is the remainder when 117877 is divided by 57?
1
What is the remainder when 178979 is divided by 99?
86
Calculate the remainder when 1679 is divided by 837.
5
Calculate the remainder when 162703 is divided by 4.
3
What is the remainder when 3015 is divided by 17?
6
Calculate the remainder when 57006 is divided by 11388.
66
What is the remainder when 48080 is divided by 7?
4
Calculate the remainder when 1306 is divided by 191.
160
What is the remainder when 2463 is divided by 25?
13
Calculate the remainder when 3225 is divided by 471.
399
Calculate the remainder when 11222 is divided by 696.
86
What is the remainder when 11956 is divided by 797?
1
What is the remainder when 394430 is divided by 5?
0
What is the remainder when 9457 is divided by 856?
41
What is the remainder when 577008 is divided by 100?
8
Calculate the remainder when 61552 is divided by 570.
562
Calculate the remainder when 859 is divided by 175.
159
What is the remainder when 6711 is divided by 84?
75
Calculate the remainder when 3206 is divided by 614.
136
Calculate the remainder when 6806 is divided by 5729.
1077
What is the remainder when 96389 is divided by 21?
20
What is the remainder when 42718 is divided by 427?
18
What is the remainder when 3522 is divided by 1660?
202
Calculate the remainder when 131612 is divided by 119.
117
What is the remainder when 185357 is divided by 516?
113
Calculate the remainder when 1487 is divided by 88.
79
Calculate the remainder when 55918 is divided by 281.
280
Calculate the remainder when 15768 is divided by 1053.
1026
Calculate the remainder when 68375 is divided by 57.
32
Calculate the remainder when 89312 is divided by 289.
11
What is the remainder when 346790 is divided by 351?
2
Calculate the remainder when 7607 is divided by 762.
749
Calculate the remainder when 36304 is divided by 1815.
4
What is the remainder when 313653 is divided by 84?
81
What is the remainder when 103472 is divided by 6889?
137
Calculate the remainder when 49598 is divided by 24774.
50
Calculate the remainder when 61778 is divided by 255.
68
Calculate the remainder when 1840 is divided by 47.
7
What is the remainder when 63315 is divided by 4209?
180
What is the remainder when 860495 is divided by 571?
569
What is the remainder when 4985 is divided by 179?
152
Calculate the remainder when 408311 is divided by 176.
167
Calculate the remainder when 964 is divided by 138.
136
Calculate the remainder when 746733 is divided by 376.
373
What is the remainder when 1288 is divided by 150?
88
Calculate the remainder when 243599 is divided by 700.
699
What is the remainder when 20552 is divided by 6824?
80
What is the remainder when 5298 is divided by 2643?
12
Calculate the remainder when 53995 is divided by 13472.
107
Calculate the remainder when 52672 is divided by 595.
312
What is the remainder when 3006 is divided by 2984?
22
Calculate the remainder when 1355 is divided by 692.
663
What is the remainder when 19821 is divided by 118?
115
What is the remainder when 38689 is divided by 841?
3
Calculate the remainder when 121493 is divided by 273.
8
What is the remainder when 133602 is divided by 1735?
7
Calculate the remainder when 2505337 is divided by 95.
92
What is the remainder when 2586 is divided by 260?
246
Calculate the remainder when 614 is divided by 599.
15
Calculate the remainder when 1765398 is divided by 97.
95
What is the remainder when 104932 is divided by 1093?
4
Calculate the remainder when 3437 is divided by 3429.
8
Calculate the remainder when 89829 is divided by 5613.
21
What is the remainder when 12540 is divided by 5908?
7